*d + p = 65. List the prime factors of d.
2
Let b = 1385 + -818. List the prime factors of b.
3, 7
Suppose -k + 15 + 38 = j, 155 = 3*j + 2*k. Suppose -s - s + 6 = 0, -4*d - j = s. Let y = 2 - d. What are the prime factors of y?
3, 5
Suppose 15*b - 7796 = 11*b. List the prime factors of b.
1949
What are the prime factors of (-20)/35 - 2384/(-7)?
2, 5, 17
Let p(x) = 192*x**2 - 14*x - 11. List the prime factors of p(4).
5, 601
Suppose 248 = -13*d + 15*d. Let m = -169 + 98. Let x = d + m. List the prime factors of x.
53
Let c be 4*-2*4/64*-10. What are the prime factors of ((-8)/c)/(8/(-220))?
2, 11
Suppose 0 = 9*w - 5*w - 16. Suppose f - 2*n + 122 = -f, -w*f = -n + 247. Let z = f + 93. What are the prime factors of z?
31
What are the prime factors of (-9)/(-12) + (-8276)/(-16)?
2, 7, 37
Let m = -23 - 14. Let i = m - -55. What are the prime factors of i?
2, 3
Suppose -h + 323 = -6*h - 2*r, -4*r + 69 = -h. Let l(v) = -2*v**2 - 6*v + 5. Let j be l(-5). Let d = j - h. List the prime factors of d.
2, 5
Let r = 2004 - 618. List the prime factors of r.
2, 3, 7, 11
Suppose -g = 4*s - 274, -2*s = -0*g - g + 274. What are the prime factors of g?
2, 137
List the prime factors of 134*16 + (-357)/(-119).
19, 113
Suppose -94*n + 89*n = 15, -2603 = -2*f - 3*n. List the prime factors of f.
2, 653
Let k(f) = f**3 - 4*f**2 + 2*f - 5. Let a be k(4). Suppose -3*x = -u - 201, -4*x - x = -a*u - 331. Suppose x + 4 = c. What are the prime factors of c?
2, 3
Let b(z) = z**2 - 7*z**2 + 3 - 4*z + 12*z**2 - z**3. Suppose -3*l + 4*p = -8, -7*l + 2*l + p + 19 = 0. What are the prime factors of b(l)?
19
Suppose -7*g = -2*g. Suppose -6 = -4*o - 4*q - 30, -5*q + 14 = o. What are the prime factors of (-2)/(g + 1/o)?
2, 11
Let k(r) = -12*r**3 - 8*r + 11. List the prime factors of k(-4).
811
Let x(u) = -u**2 - 1. Let t(p) = 3*p**2 + p + 12. Let v(w) = t(w) + 2*x(w). Let b be v(0). Suppose b = -5*g - 5, -3*g = 3*z - 57. List the prime factors of z.
2, 11
Let t(g) = -g**2 + 7*g - 5. Let y be t(5). Suppose 0*d - y*d + 3*n + 235 = 0, -5*n - 94 = -2*d. List the prime factors of d.
47
Let r = 18 + -15. Suppose 3*l + 3*t - 73 = t, 0 = -r*l - t + 68. What are the prime factors of l?
3, 7
Suppose r - 2*n - 2274 = 0, -25*n - 6826 = -3*r - 23*n. List the prime factors of r.
2, 569
Let y(w) = -493*w**3 + 1. Let i be y(1). Let c be (-6)/(-4)*i/(-9). Let q = -41 + c. List the prime factors of q.
41
What are the prime factors of 143580/35 + -3 + (-28)/98?
4099
Let d(q) = q**2 + 7*q + 2. Let r be d(-7). Suppose -6*p + 1 = -23. Suppose 146 = p*n + r*o, 4*n - 5*o = 37 + 88. What are the prime factors of n?
5, 7
Let s = 25 - 17. Let z(h) = h**2 + 3*h - 6. List the prime factors of z(s).
2, 41
Let q = 27 - 19. Let x(j) = -j**3 + 7*j**2 + 9*j + 4. Let v be x(q). Let h = 19 - v. What are the prime factors of h?
7
Suppose 2*o - 5*g + 127 = 13, g - 228 = 4*o. Let m(u) = 81*u**2 - 10*u + 9. Let a be m(1). Let k = a + o. What are the prime factors of k?
23
Suppose 0 = 5*u - 20 + 5. Let z(b) = 15*b**2. What are the prime factors of z(u)?
3, 5
Suppose -29 = -l + 5*i, -3*i - 7 - 4 = l. Suppose -l*c + 183 = -c. What are the prime factors of c?
61
Let r = 32 - 106. Suppose u - 4*x = -30, -2*x + 110 = 2*u - 5*u. Let v = u - r. List the prime factors of v.
2, 3
Suppose -514 = 7*t + 179. Let x = t + 278. Let w = -96 + x. What are the prime factors of w?
83
Let r(u) be the second derivative of -u**5/20 - u**4/4 - 5*u**3/6 - u**2 + u. What are the prime factors of r(-5)?
73
Let l(a) = a**2 - 14*a - 9. Let r be l(-15). Suppose -r + 100 = -2*f. List the prime factors of f.
163
Suppose -5*m + 0 + 14 = -2*i, -16 = -4*m. Suppose 103 = i*g - 50. List the prime factors of g.
3, 17
Let n(m) = 13*m**2 + 12*m + 21. What are the prime factors of n(-6)?
3, 139
Suppose 3*f = -14*b + 9*b + 2503, -5*f - 1529 = -3*b. What are the prime factors of b?
503
Suppose -220 = 16*k - 27*k. What are the prime factors of k?
2, 5
List the prime factors of (-19950)/63*(-3)/2.
5, 19
Let q(l) = -758*l + 1. Let g be q(-1). Suppose -4*m = -g + 39. Suppose 2*d = -2*d + 4*b + m, 2*b + 43 = d. What are the prime factors of d?
47
Let y = -1736 + 3043. List the prime factors of y.
1307
Let c(b) = -b**3 - b**2 + 4*b + 2. Let z be c(-3). Let k be -4 + 885/20 - 2/8. Suppose z*j - k = 4*j. List the prime factors of j.
2, 5
Let x = -152 - -98. Let i = 86 + 2. Let v = i + x. What are the prime factors of v?
2, 17
Let b be ((-318)/(-5))/(39/130). Suppose 0 = -f - n + 79, -2*f - 68 + b = -5*n. What are the prime factors of f?
7, 11
Let r(z) = -2*z**3 - 13*z**2 - 6*z - 110. What are the prime factors of r(-12)?
2, 773
Suppose 10*a - 16 = 18*a. What are the prime factors of 92/(-23) + (-500)/a?
2, 3, 41
Suppose 4*v - 2184 = -4*z, -291 = -2*v - 4*z + 801. What are the prime factors of v?
2, 3, 7, 13
Let u(d) = -3*d - 30*d - 10*d - 40*d. What are the prime factors of u(-1)?
83
Let l(i) = 60*i**3 + i**2 + 72*i - 313. What are the prime factors of l(4)?
3, 1277
Suppose -27*i + 18354 = -8052. What are the prime factors of i?
2, 3, 163
Let f(a) = 64*a**2 - 4*a - 19. What are the prime factors of f(-3)?
569
Let z(h) = h**3 - 13*h**2 - 7*h - 5. Let i be z(14). Suppose 2*v - s = i, 2*v - 152 = -v + 4*s. What are the prime factors of v?
2, 11
List the prime factors of 187 - -3 - 7/((-28)/16).
2, 97
Let z = -51 + 105. Let c = z - 18. What are the prime factors of c?
2, 3
Suppose 21*l - 75342 + 14463 = 0. What are the prime factors of l?
13, 223
Let p(d) = 165*d**3 + 5*d**2 + 10*d - 9. List the prime factors of p(3).
3, 11, 137
Let f(h) = h**3 - 7*h**2 - 6*h - 2. Let v be f(8). Let d = v + -7. Suppose -q = 3*c + 3*q - 24, -q = c - d. List the prime factors of c.
2
Suppose 0 = 3*h - 6 + 9. List the prime factors of h/(-3) - (-524)/12.
2, 11
Let u(n) be the second derivative of n**3/6 - 7*n**2/2 + 2*n. Let c be u(3). List the prime factors of c/(-16) - (-55)/4.
2, 7
Suppose -3*k + 3 = 2*o, k + 0*k = -3*o + 8. Suppose 0 = -2*h + o*h - 23. Suppose h = 3*y - 103. List the prime factors of y.
2, 3, 7
Let i(m) = 317*m + 3 - 318*m + 19. List the prime factors of i(15).
7
Let f = 1590 + -998. What are the prime factors of f?
2, 37
Let u(f) = 2*f + 1. Suppose 0 = 4*a + 2 + 2. Let n be u(a). List the prime factors of (-1 + n)*(-18 - -1).
2, 17
Let l(d) = -d**3 - 9*d**2 + 23. Let c(k) = k**3 - 3*k**2 - 13*k + 6. Let w be c(5). List the prime factors of l(w).
23
Suppose 0 = 240*q - 236*q - 2480. What are the prime factors of q?
2, 5, 31
Let g = -1055 + 3159. What are the prime factors of g?
2, 263
What are the prime factors of (296/36 - 8) + (-13874)/(-18)?
3, 257
Let t(l) = l**3 + 9*l**2 + 2*l - 10. Suppose x - 5*x = j + 31, -3*x = 2*j + 22. Let p be t(x). Suppose -10 = 2*r - p. List the prime factors of r.
2, 7
Let w = -15 - -11. What are the prime factors of 6214/91 - w/(-14)?
2, 17
Let h(f) be the third derivative of -13*f**4/24 + 4*f**3/3 - 24*f**2. List the prime factors of h(-2).
2, 17
Let s(k) = 9*k - 26. Let w be s(10). Suppose -67*o = -w*o - 231. List the prime factors of o.
7, 11
Suppose -r + 323 = 4*a, -3*r - 5*a = -454 - 515. What are the prime factors of r?
17, 19
Suppose -2*t + 111 = -5. List the prime factors of (-1 + (2 - (-2)/(-4)))*t.
29
Let i(z) = -z**3 + z**2 + 37. Let t(y) = y + 2. Let w be ((-4)/(-3))/(6/(-9)). Let r be t(w). List the prime factors of i(r).
37
Suppose 6*w = 2*w - 272. Let i = 48 + w. Let u = 58 + i. List the prime factors of u.
2, 19
Suppose 4*r + 5*n = 17, -2*n = 5*r + 2*n - 19. Suppose -r*h + 88 + 8 = 0. List the prime factors of h.
2
Suppose 0 = -10*g + 7*g + 384. Let s = 196 - g. What are the prime factors of s?
2, 17
Suppose -574 = -5*u + 1696. What are the prime factors of u?
2, 227
Let b(h) = -h**3 - 8*h**2 + h + 8. Let q be b(-8). Suppose -3*a = -q*a. Suppose 2*p - 6*p + 152 = a. List the prime factors of p.
2, 19
Let w = -104 - -425. What are the prime factors of w?
3, 107
Let m = 333 + -266. List the prime factors of m.
67
Let t be (1 - (-3)/(-1)) + 41. Let m = 5 - -1. List the prime factors of m/t - (-668)/52.
13
Let l be 4 - ((-12)/4 - -5). Suppose 7*j - l*j = 390. Suppose -t - 9 = 5*o - j, 4*t - o - 213 = 0. What are the prime factors of t?
2, 3
Suppose 2*x - 100 = -3*j, x + 3 = -2*x. Let h be (j/1)/(4/(-6)). Let d = h + 107. List 